 28/63 + 4*3963/54. Suppose 0 = -25*n + 994 - i. Calculate the greatest common divisor of 52 and n.
4
Let p be 180 - (5 + -16 + 3). Let u = p - 118. Calculate the highest common divisor of 5 and u.
5
Let i(b) = 6*b + 38. Let q be i(-2). Let h = q + -22. What is the greatest common factor of h and 52?
4
Let b(k) = 2*k**3 - 173*k**2 + 86*k + 40. Let v be b(86). Calculate the highest common divisor of 490 and v.
10
Let q = -2853 + 2921. What is the highest common factor of 17 and q?
17
Suppose -24*b + 864 = 7*l - 20*b, -582 = -5*l + 3*b. What is the greatest common factor of 17130 and l?
30
Suppose -19968 = -290*i + 242*i. Calculate the highest common factor of 352 and i.
32
Let z(l) = -2*l**3 - 39*l**2 + 19*l + 4. Let t be z(-20). Calculate the highest common factor of 1536 and t.
24
Suppose 5*p - 43 = 17. Suppose -4*i = -0*i - 12. Suppose h + 20 = -i*h, -4*f - h + 115 = 0. Calculate the highest common divisor of f and p.
6
Suppose 6*m - m + 144 = 3*b, -b + 3*m = -44. Suppose -3 = 5*k - b. Suppose -5*j = -2*t + 15, 54 = 4*t + 2*j - 12. What is the highest common divisor of t and k?
5
Suppose -15*p + 33 = -12*p - 2*h, -p - 23 = 5*h. Let z be (812/(-6))/((-6)/9). Calculate the greatest common divisor of p and z.
7
Suppose 45*w = 43*w + 3982. Suppose 5*h = 4*a + w, 4*h - 1023 - 572 = a. Calculate the greatest common divisor of h and 21.
21
Let t(r) = -2*r + 1. Let m be t(-1). Suppose -61 = -5*v - 5*a + 24, 0 = 5*v - a - 133. What is the greatest common divisor of m and v?
1
Suppose -3*q - 438 = -3*m, 4*m + 839*q = 841*q + 574. Calculate the highest common factor of m and 22137.
141
Suppose 5*o - 1502 = 4*d + 1456, 0 = 4*o - 5*d - 2361. Let a be ((-242)/8 + 10)/(15/(-40)). Calculate the greatest common divisor of o and a.
54
Let s(f) = -81*f + 2034. Let x be s(17). What is the greatest common divisor of x and 584?
73
Let c = -89 - -86. Let z be (-4)/(c - -5)*1. Let p be (10/(-15))/(z/180). What is the greatest common factor of 30 and p?
30
Let u(h) = h**2 - 2*h + 4. Let n(a) = 3*a + 6. Let q be n(-1). Let s be u(q). Calculate the highest common factor of s and 112.
7
Let h = 12 + -12. Suppose h = 9*f - 6*f - 15. Let l = 146 + -101. Calculate the highest common factor of f and l.
5
Suppose -25 - 3 = -4*r. Let m(q) = 46*q + 58. Let k be m(r). Calculate the greatest common divisor of 152 and k.
76
Suppose 4 = 6*c - 8. Let g = 5174 - 5155. What is the greatest common factor of g and c?
1
Suppose -1035*z + 994*z + 3550354 = 0. What is the highest common factor of z and 29?
29
Suppose 48*g - 51*g + 250 = 4*h, 5*g + 5*h = 410. Suppose 0 = -5*i - 4*r - 66 + 260, 5*r + 20 = 0. Calculate the greatest common divisor of g and i.
6
Let c be (-165)/6*(-24)/22. What is the greatest common factor of c and 110?
10
Suppose 21*a - 18*a - 3*g = 18, -2*g - 17 = -3*a. Calculate the greatest common factor of 2515 and a.
5
Let i(r) = 80 - 21*r + 4*r**2 + 123 - 3*r**2. Let g be i(26). What is the highest common divisor of g and 74?
37
Suppose -12*k + 86 + 130 = 0. Let n = -417 + 441. What is the highest common divisor of k and n?
6
Let u(b) = 21*b**2 + 155*b + 44. Let v be u(-8). What is the greatest common divisor of 52 and v?
4
Let h = 103 + -99. Let c be h/6 - (-4716)/54. What is the highest common factor of 8 and c?
8
Let k(u) = -4*u**2 + 10*u - 4. Let t be k(5). Let a be (-42)/t*-3*(-36 + 0). What is the greatest common factor of a and 12?
12
Suppose 95*g = 100*g - 3*t - 207, -g = t - 43. What is the highest common factor of 1239 and g?
21
Suppose -2*d + 3332 = 2*g, -35*d = -34*d + 8*g - 1666. Calculate the greatest common divisor of d and 68.
34
Let c be (429/65 + -7)/(1/(-5)). Suppose 9*t - 4*t = 55. Calculate the highest common factor of t and c.
1
Let o(a) = -20*a + 1215. Let g be o(45). Let y(i) = 8*i**2 - 3*i. Let s be y(3). Calculate the greatest common factor of g and s.
63
Let r(o) = -57*o - 57. Suppose -81 = 22*u + 51. Let c be r(u). Calculate the highest common factor of 15 and c.
15
Suppose -7*z = 9 + 12. Let j be (z/4)/((-3)/56). Calculate the greatest common factor of 161 and j.
7
Suppose -b - 4 + 206 = 3*g, -b + 198 = 4*g. Let h = -166 + b. What is the highest common divisor of 16 and h?
16
Let s be 125*(2 + (-10)/(-25)). Suppose -8*q = -s - 468. Suppose -12*p = -15*p + q. What is the highest common factor of 128 and p?
32
Let p = 1334 - 755. Let z = p + -495. Calculate the greatest common divisor of z and 196.
28
Let b be (-96)/(-112)*(-1407)/(-6). Calculate the greatest common factor of b and 75.
3
Let q = 588 + -1032. Let x = -408 - q. Calculate the greatest common divisor of x and 126.
18
Suppose -2*k + 14 = -4. Let a be (-6582)/(-30) - k/(-15). Suppose 55 = 4*h + 16*m - 21*m, -3*m - 25 = -2*h. Calculate the highest common factor of a and h.
20
Suppose -l + 165 + 326 = -3*y, 0 = 5*y + 10. Let g be -4 + -2 + 3 - (-253 - 4). Let d = l - g. Calculate the greatest common divisor of d and 21.
21
Let d be ((-2 - -16)/(-7))/((-4)/150). Let x = 71 - d. Let q = x - -8. Calculate the highest common factor of q and 2.
2
Let w(g) = 10 + 4*g**2 + 14 - 20*g - 14. Let n be w(5). What is the highest common divisor of 15 and n?
5
Let c(t) = -t**2 + 70*t - 1158. Let p be c(42). Let y = -191 + 269. Calculate the highest common divisor of p and y.
6
Let t(h) = -h**3 - 46*h**2 - 54*h - 215. Let q be t(-45). What is the highest common divisor of q and 290?
10
Let x be -45*(96/(-15) - 5) + -2. Let v be x - (4 + -2 + 12/(-3)). Calculate the highest common divisor of 57 and v.
57
Suppose 0 = -5*c - 1 - 24. Let r be (-22 + -3)/c*1. Suppose r*i = -a + 528, 3*i - i - 213 = -a. Calculate the greatest common factor of 21 and i.
21
Let f = 1 - -2. Suppose 4*n + 4*w = 6*n - 24, 3*n = -4*w + 76. Suppose -n*m + 420 = 15*m. What is the highest common divisor of f and m?
3
Suppose -1496 - 2082 = -13*u - 536. What is the greatest common factor of u and 1521?
117
Suppose 3*m - 5 = 1. Let h(v) = 16*v + 150. Let a be h(-5). Suppose 3*s - a = -m*s. What is the greatest common divisor of 14 and s?
14
Suppose -140 = 58*d - 51*d. Let j be (8/d)/((-17)/2040). Calculate the highest common factor of j and 80.
16
Suppose 3*x + 5*m = 20, -5*x - 1 = 5*m - 41. Let d be (-1 - 1/(-1)) + (50*-9)/(-5). What is the highest common divisor of x and d?
10
Let i be (-376)/56*-7 + -9. Suppose 12*b = 14*b - 190. What is the greatest common factor of i and b?
19
Let w = -8 + 10. Suppose -3*g - 71 = -4*q + w*g, -2*g = 6. Let x(v) = 11*v + 66. Let b be x(8). Calculate the greatest common divisor of q and b.
14
Suppose 9*t - 7*t - 32 = 0. Let l(u) = -910*u**2 - 4*u - 14. Let z be l(-3). Let b be (-6)/4*z/96. What is the highest common divisor of b and t?
16
Let s(p) = -3*p - 11. Let o be s(-11). Let h = 763 + -378. Suppose 33 = -4*i + h. Calculate the greatest common divisor of i and o.
22
Let n be (-1)/(-2) - (-916)/8. Let j(i) = 19*i**2 + 4520*i - 4510*i + i**2 - 26 + 2*i**3. Let h be j(-9). What is the highest common factor of h and n?
23
Let l(z) = -37*z - 7. Let y be l(-9). Let f = y + -70. Let w = -1291 - -1323. Calculate the greatest common divisor of w and f.
32
Let n = 100626 + -100613. Let t(l) = 922*l**2 + 2*l - 1. Let b be t(1). What is the highest common divisor of n and b?
13
Let x = -863 + 882. What is the highest common divisor of 18449 and x?
19
Let s be 5/(60/(-344))*84/(-8). Suppose -s = -18*f + 95. What is the highest common divisor of 22 and f?
22
Let r = 47 - 20. Let q be 14/21*9/3. Suppose -2*w = -c + 98, 8 = -q*w + 18. What is the highest common factor of r and c?
27
Let q be 161/(-6) + (-13)/78. Let j = q + 46. Let c be -5 - (-4 + 3) - -80. Calculate the highest common factor of j and c.
19
Let s = -43 - -103. Suppose j = s + 149. What is the greatest common divisor of j and 11?
11
Let g = 9 - -5. Let s = 127 + g. What is the greatest common divisor of 376 and s?
47
Suppose 4*b - 44 = -2*v, -3*b + 45 = 4*v - 33. Let d = v + -10. Let g be (10/d)/(4/16) + -3. What is the greatest common factor of g and 2?
2
Suppose 7*n + 50 = 12*n. Suppose 0 = p - n*p + 189. Let i = 51 - -117. What is the greatest common divisor of i and p?
21
Suppose 9*z - 177 + 51 = 0. Let c be (z/56)/((-2)/(-32)). What is the greatest common factor of 136 and c?
4
Let h(s) = 1845*s - 205. Let p be h(1). What is the hi